 is the tens digit of l(3)?
4
What is the units digit of 2409/21 - (-22)/77?
5
Suppose -65 = 2*y - 5. Let m = y + 48. What is the units digit of m?
8
Let d(r) = r**3 - 2*r - 3 + 2*r**2 - 3*r**2 - 2*r**2. Let p be (-3)/(-3*2/8). What is the units digit of d(p)?
5
Let f be (196/4)/(-2 + 1). Let x = -30 - f. What is the units digit of x?
9
What is the tens digit of (150/(-24))/(2/(-8))?
2
What is the tens digit of (-1016)/(-30) - 6/(-45)?
3
Suppose 3*o = -21 - 0. Let h(d) = -d**3 - 8*d**2 - 9*d + 3. What is the units digit of h(o)?
7
What is the units digit of 54 + (-4)/(7 - 3) - -2?
5
Suppose -5*c - s = -23, 19 = 3*c - 2*s - 0. Suppose -5*l + 28 = 3*k - 24, -c*l + 10 = 0. What is the tens digit of k?
1
Let l be 3 + -2 - 16/2. Let a = -11 - l. Let f = a - -11. What is the units digit of f?
7
Suppose 0 = 4*z - 5*c + 2*c - 21, -z = 3*c + 6. Let s(y) = -3*y + 8. Let h(o) = 6*o - 17. Let a(b) = -6*h(b) - 13*s(b). What is the units digit of a(z)?
7
Suppose 0 = -c + 4 - 6. Let j = 4 - c. What is the units digit of j?
6
Suppose -8*f + 3*f = 4*z - 48, 5*f = -5*z + 60. Let r = 36 - z. What is the tens digit of r?
2
Let p(i) = -i**3 + i**2 + 1. Let q be p(0). Let u be q/(-2)*2 + 1. Suppose -c + u = -3. What is the units digit of c?
3
Let y(w) = 36*w - 6. What is the tens digit of y(10)?
5
Let r(q) be the second derivative of q**3/6 + q**2 + 7*q. What is the units digit of r(10)?
2
Suppose 3*s - 624 = -5*s. What is the units digit of s?
8
Suppose 0 = 8*d - 4*d. Suppose 4*n + 3*a - 74 = 0, 2*a - 36 = -d*n - 2*n. What is the tens digit of n?
2
Let r be 3/2 + (-21)/2. Let y = r + 12. What is the units digit of 2*((-18)/(-4))/y?
3
Let h(x) = 77*x**2 - 2*x + 1. What is the units digit of h(2)?
5
Let g = 70 - -28. What is the units digit of g?
8
Let j(x) = 2*x**2 - x - 2. What is the units digit of j(2)?
4
Let t = 3 - 11. Let u = t - -5. What is the units digit of (-46)/(-8) - u/12?
6
Let t be (-95)/10 - (-2)/(-4). Let h = 30 + t. What is the units digit of h?
0
Let o(t) be the first derivative of 3*t**2/2 - 3*t - 2. Let s be o(5). Suppose -s = -v - v. What is the units digit of v?
6
Let k be (0 - 0)*(-2 + 1). Suppose k = -2*y + v - 5*v + 22, 2*y - 8 = 3*v. What is the units digit of y?
7
Let h = 42 + -28. Let i = 34 - h. Suppose 3*y = i + 19. What is the tens digit of y?
1
Suppose 2*v + 84 = 2*y, -2*y - 5*v + 75 = -37. What is the units digit of y?
6
Let k = -16 + 23. What is the units digit of k?
7
Suppose d + 3*d = 1372. What is the hundreds digit of d?
3
Let m = -1 - -2. Let d be m - -2 - (0 + -2). Suppose 4*b - d*f = -f + 4, 3 = 2*b - f. What is the units digit of b?
2
Suppose 0 = 4*j + 6*o - 3*o - 6, 0 = -j + 4*o - 8. Suppose -2*v + v + 49 = j. Suppose -5*z = -v - 1. What is the units digit of z?
0
Let k(q) = q**2 + 3*q + 1. Let x be k(-4). Suppose 3*g + x*z + 25 = 4*g, 5*z - 155 = -5*g. What is the units digit of g?
0
Suppose w - 4*o + 2 = 0, 7 = -3*w + 2*o + 41. What is the tens digit of w?
1
Let j = -16 + 4. Let f(k) = -k**3 - 13*k**2 - 14*k - 13. What is the units digit of f(j)?
1
Suppose 7*q = 3*q + b + 308, 0 = -2*b + 8. What is the units digit of q?
8
What is the units digit of 177 + 0/(6/2)?
7
Let b(u) = u**2 + u - 4. Let d(q) = -1 - 5 + 0*q**2 - q**2 - 7*q. Let n be d(-5). What is the units digit of b(n)?
6
Suppose -t - 2*t + 3 = 0. Let f(c) = 0 - 1 - 2*c - 4 + t. What is the units digit of f(-7)?
0
Suppose 0 = -o + 4*o - 21. What is the units digit of (-36)/(-21) - (-2)/o?
2
Let u be (4/(-12))/(3/(-36)). Suppose -2*m + 12 = o - 7, -3*o + u*m + 37 = 0. What is the units digit of o?
5
What is the units digit of (-2745)/30*(-4)/3?
2
Suppose -u + 142 = -212. What is the tens digit of u?
5
Let v be (5 + -2)*4/3. Suppose -3*y - 31 = -8*y + 2*a, 3*y = -v*a + 3. Suppose c + 2*c = 4*w + 14, 2*c + 6 = -y*w. What is the units digit of c?
2
Suppose 2*r + 4*p - 358 = 0, 322 = 3*r - 2*p - 223. What is the tens digit of r?
8
Let a(y) = y**2 + 5*y - 9. Let o be a(-7). Let n(b) = b**3 - 5*b**2 + 3. Let w be n(o). Suppose -w*j + 11 = -7. What is the units digit of j?
6
Suppose -1 + 4 = r. Suppose 4*s = -4*a + 12, -2*a + 6 = 2*a + 2*s. Suppose a = -d - 4*c - 13, -6 - 11 = -r*d + 2*c. What is the units digit of d?
3
Suppose 3 + 3 = -2*g. Let u be (-1 - g)/(-1 - -2). What is the units digit of 1/((u/1)/4)?
2
Let j(p) = -p**2 - 5*p. Let n be j(-4). Suppose 0*w = n*w - 24. Suppose f = w + 5. What is the tens digit of f?
1
Let l(q) = 8*q**2 - 1 + 4 - 2*q**2 - 4. Let n be l(-1). Suppose -n*c + 4 + 41 = 0. What is the units digit of c?
9
Suppose j = -0*j + 4*z + 3, -3*j + 3*z + 9 = 0. Suppose -3*x + 15 = 0, -35 = -3*w - j*x - 11. What is the units digit of w?
3
Let x = -4 - -2. Let l be (5/x)/(4/(-24)). Let j = -8 + l. What is the units digit of j?
7
Suppose -5*d = x - 7, 0*x = 5*d + 5*x + 5. Suppose 16 = d*p + 4. Let n = p + -5. What is the units digit of n?
1
Suppose -2*g + 6 = -g. Let b = 10 - g. What is the units digit of b?
4
Let y = 17 + 83. What is the hundreds digit of y?
1
Let t = -1 + 8. Suppose t*q - 4*q = 0. Suppose 3*p + q*p - 18 = 0. What is the units digit of p?
6
Let g(z) = z + 6. Let s be g(-2). Suppose 3*v - 50 = -8. Suppose s*x = 2 + v. What is the units digit of x?
4
Suppose -r + 1 + 1 = 0. Suppose -4*v = -5*p - 16 + 117, 4*v + 50 = r*p. Suppose 0 = d + 2*b - p, -2*b - 13 = -6*d + 5*d. What is the tens digit of d?
1
Let i(b) be the third derivative of -1/120*b**6 - 2*b**2 + 1/4*b**4 + 0*b + 1/15*b**5 + 0 + 0*b**3. What is the units digit of i(5)?
5
Let t(f) = f**3 - f**2 - 4*f + 5. What is the units digit of t(3)?
1
Let a be (-4)/14 - 15/21. What is the units digit of -5 - -27 - (-3)/a?
9
Suppose 2*g + p = 43, 0*p + 3*p = -4*g + 89. What is the tens digit of g?
2
Let u(d) = -19*d + 1. What is the tens digit of u(-1)?
2
What is the hundreds digit of 298*((-2)/(-2))/2 + 0?
1
Let d = -4 + 5. Suppose -2*u - 17 = -d. What is the units digit of (2/3)/(u/(-36))?
3
Let t(x) = x**2 + 7*x + 6. What is the units digit of t(-13)?
4
Let l(u) = -u**3 - 3*u**2 + u + 3. Let b be l(-3). Let w(i) = b*i - i - 4 - 8*i - i**2. What is the units digit of w(-8)?
4
Let x(q) = 17*q**3 - 2*q**3 + 1 - 3*q**2 + 0*q**2 + 2*q**2. Let c be x(1). Suppose -c = -2*r + 5. What is the units digit of r?
0
What is the units digit of 1*9*(-186)/(-18)?
3
Suppose -4*t + 4*l - 16 = 0, -4*t - 2*l + 14 = 36. Let b = t + 5. Suppose b = 2*q - 7*q + 20. What is the units digit of q?
4
Suppose -3*g = -5 - 1. Suppose -g*h + 51 = 3. What is the units digit of h?
4
Suppose -17 = -5*o - 2. Suppose -4*r - 3 = 5*u, o*u = u + 3*r + 8. What is the units digit of u?
1
Suppose 2*v - 120 = 2*w, 285 = v + 4*v - 2*w. What is the tens digit of v?
5
Let v = 10 + 71. Let f = -56 + v. What is the units digit of f?
5
Let k(x) = -11*x + 32. What is the hundreds digit of k(-10)?
1
Let r = -91 - -57. Let h = -18 - r. What is the tens digit of h + (0 + 1 - 3)?
1
What is the tens digit of 175/10 - 6/(-4)?
1
Let r = -5 + -9. What is the units digit of 7/r + 14/4?
3
Let n = -50 - -72. Suppose 2*i + 34 = 6*i - 2*l, 5*l + n = 3*i. What is the units digit of i?
9
Suppose 5*m - 25 - 85 = 0. What is the tens digit of m?
2
Suppose 0 = -2*r - 0 + 20. What is the tens digit of r?
1
Suppose 4*r - 6*r - 5*g - 31 = 0, -61 = 5*r - 4*g. Let d = r - -31. What is the units digit of d?
8
Suppose -20*q - 512 = -24*q. What is the tens digit of q?
2
Suppose -2 = -y + 3. Suppose 4 = -y*n - 26. Let d = n - -14. What is the units digit of d?
8
Suppose -2*r - 4*m = -16, 0 = 3*r - 3*m - m - 44. What is the units digit of r?
2
Let l(d) = d - 2. Let x be l(6). Let w = x + 7. What is the units digit of w?
1
Suppose -3 = g - 2. Let f be ((-5)/(-10))/(g/4). What is the units digit of (f/3)/(3/(-36))?
8
Let v(x) = -26*x**3 + 14 + x - 13*x**2 + 3*x**2 + 25*x**3. Suppose -o - 20 = o. What is the units digit of v(o)?
4
Let n = -10 + 22. What is the units digit of n?
2
Let r(d) = 4*d**2 + d - 7 - 4 - 3*d**2. Let h be r(8). Suppose -3*z - n + 2*n + 35 = 0, 0 = 5*z - 3*n - h. What is the units digit of z?
1
Let h = 464 - 330. What is the tens digit of h?
3
Let u = 2 - -15. Let h be 3 + u - (0 - 0). Suppose 0 = -b - 4*b + h. What is the units digit of b?
4
Let j be -3*(0 + (-6)/9). Suppose -r = -3*r + j. What is the units digit of 1 + (2 - 1) + r?
3
Let n 